{"id":346,"date":"2023-02-20T00:01:15","date_gmt":"2023-02-19T23:01:15","guid":{"rendered":"https:\/\/ie.uek.krakow.pl\/ke\/?page_id=346"},"modified":"2024-03-22T13:41:31","modified_gmt":"2024-03-22T12:41:31","slug":"kola-naukowe","status":"publish","type":"page","link":"https:\/\/injzp.uek.krakow.pl\/ktew\/studenci\/kola-naukowe\/","title":{"rendered":"Ko\u0142a naukowe"},"content":{"rendered":"\t\t<div data-elementor-type=\"wp-page\" data-elementor-id=\"346\" class=\"elementor elementor-346\" data-elementor-post-type=\"page\">\n\t\t\t\t\t\t<section data-particle_enable=\"false\" data-particle-mobile-disabled=\"false\" class=\"elementor-section elementor-top-section elementor-element elementor-element-22080c8 elementor-section-boxed elementor-section-height-default elementor-section-height-default\" data-id=\"22080c8\" data-element_type=\"section\" data-settings=\"{&quot;jet_parallax_layout_list&quot;:[]}\">\n\t\t\t\t\t\t<div class=\"elementor-container elementor-column-gap-default\">\n\t\t\t\t\t<div class=\"elementor-column elementor-col-33 elementor-top-column elementor-element elementor-element-c20decf\" data-id=\"c20decf\" data-element_type=\"column\">\n\t\t\t<div class=\"elementor-widget-wrap elementor-element-populated\">\n\t\t\t\t\t\t<div class=\"elementor-element elementor-element-9764738 elementor-widget__width-initial elementor-widget elementor-widget-image\" data-id=\"9764738\" data-element_type=\"widget\" data-widget_type=\"image.default\">\n\t\t\t\t<div class=\"elementor-widget-container\">\n\t\t\t\t\t\t\t\t\t\t\t\t\t\t\t<img fetchpriority=\"high\" decoding=\"async\" width=\"456\" height=\"243\" src=\"https:\/\/injzp.uek.krakow.pl\/ktew\/wp-content\/uploads\/sites\/9\/2024\/03\/SKNEW.jpg\" class=\"attachment-full size-full wp-image-2423\" alt=\"\" srcset=\"https:\/\/injzp.uek.krakow.pl\/ktew\/wp-content\/uploads\/sites\/9\/2024\/03\/SKNEW.jpg 456w, https:\/\/injzp.uek.krakow.pl\/ktew\/wp-content\/uploads\/sites\/9\/2024\/03\/SKNEW-300x160.jpg 300w\" sizes=\"(max-width: 456px) 100vw, 456px\" \/>\t\t\t\t\t\t\t\t\t\t\t\t\t\t\t<\/div>\n\t\t\t\t<\/div>\n\t\t\t\t\t<\/div>\n\t\t<\/div>\n\t\t\t\t<div class=\"elementor-column elementor-col-66 elementor-top-column elementor-element elementor-element-101f182\" data-id=\"101f182\" data-element_type=\"column\">\n\t\t\t<div class=\"elementor-widget-wrap elementor-element-populated\">\n\t\t\t\t\t\t<div class=\"elementor-element elementor-element-8723dd5 elementor-widget elementor-widget-heading\" data-id=\"8723dd5\" data-element_type=\"widget\" data-widget_type=\"heading.default\">\n\t\t\t\t<div class=\"elementor-widget-container\">\n\t\t\t\t\t<h2 class=\"elementor-heading-title elementor-size-default\">Studenckie Ko\u0142o Naukowe Ekologia Wyrob\u00f3w<\/h2>\t\t\t\t<\/div>\n\t\t\t\t<\/div>\n\t\t\t\t<div class=\"elementor-element elementor-element-ff81b7c elementor-widget elementor-widget-text-editor\" data-id=\"ff81b7c\" data-element_type=\"widget\" data-widget_type=\"text-editor.default\">\n\t\t\t\t<div class=\"elementor-widget-container\">\n\t\t\t\t\t\t\t\t\t<p>Przy Katedrze Technologii i Ekologii Wyrob\u00f3w funkcjonuje Studenckie Ko\u0142o Naukowe Ekologii Wyrob\u00f3w (SKNEW). Zrzesza ono wszystkich student\u00f3w, kt\u00f3rzy interesuj\u0105 si\u0119 szeroko poj\u0119t\u0105 ekologi\u0105. W zakresie dzia\u0142alno\u015bci ko\u0142a jest g\u0142\u00f3wnie rozpowszechnianie wiedzy na temat ekologii i \u015brodowiska oraz poruszania wa\u017cnych kwestii zwi\u0105zanych z bie\u017c\u0105cymi problemami.<\/p><p>Co zyskasz dzia\u0142aj\u0105c w Kole Naukowym:<\/p><p style=\"padding-left: 40px\">\u00b7 Poszerzysz wiedz\u0119 z zakresu ekologii, produkcji oraz zarz\u0105dzania \u015brodowiskowego;<\/p><p style=\"padding-left: 40px\">\u00b7 Cenne do\u015bwiadczenie w zakresie tworzenia prac badawczych;<\/p><p style=\"padding-left: 40px\">\u00b7 Nowe znajomo\u015bci z lud\u017ami o podobnych zainteresowaniach<\/p><p style=\"padding-left: 40px\">\u00b7 Mo\u017cliwo\u015b\u0107 udzia\u0142u w wydarzeniach, takich jak debaty oksfordzkie, seminaria naukowe czy te\u017c spotkania integracyjne;<\/p><p style=\"padding-left: 40px\">\u00b7 Kompetencje organizacyjne;<\/p><p style=\"padding-left: 40px\">\u00b7 Zobaczysz ciekawe procesy technologiczne podczas wycieczek;<\/p><p style=\"padding-left: 40px\">\u00b7 Mo\u017cliwo\u015b\u0107 zdobycia dodatkowych punkt\u00f3w do stypendium rektora.<\/p><p>Spotkania dla os\u00f3b ch\u0119tnych chc\u0105cych do\u0142\u0105czy\u0107 do ko\u0142a og\u0142aszane s\u0105 na pocz\u0105tku ka\u017cdego z semestr\u00f3w. Jednak\u017ce istnieje mo\u017cliwo\u015b\u0107 do\u0142\u0105czenia do ko\u0142a w ka\u017cdym momencie poprzez kontakt z Zarz\u0105dem Ko\u0142a lub opiekunami.<\/p><p>\u00a0<\/p><p>Bie\u017c\u0105ce i dodatkowe informacje mo\u017cna znale\u017a\u0107 na:<\/p><p>\u00b7 Stronie uczelni: <a href=\"https:\/\/organizacje.uek.krakow.pl\/organisation\/16\" target=\"_blank\" rel=\"noopener\">https:\/\/organizacje.uek.krakow.pl\/organisation\/16<\/a><\/p><p>\u00b7 Fanpage na Facebooku: <a href=\"https:\/\/www.facebook.com\/ekologiawyrobow.skn\" target=\"_blank\" rel=\"noopener\">https:\/\/www.facebook.com\/ekologiawyrobow.skn<\/a><\/p><p>\u00b7 Profilu ko\u0142a na Instagramie: <a href=\"https:\/\/www.instagram.com\/sknew_uek?igsh=MWF4ODhkd3hoNnNoZg%3D%3D&amp;utm_source=qr\" target=\"_blank\" rel=\"noopener\">https:\/\/www.instagram.com\/sknew_uek?igsh=MWF4ODhkd3hoNnNoZg%3D%3D&amp;utm_source=qr<\/a><\/p><p>\u00a0<\/p><p>OPIEKUNOWIE KO\u0141A:<\/p><p>dr in\u017c. Marcin Paprocki (paprockm@uek.krakow.pl)<\/p><p>dr Marcin Rychwalski (rychwalm@uek.krakow.pl)<\/p><p>dr in\u017c. Mateusz Wygoda (wygodam@uek.krakow.pl)<\/p>\t\t\t\t\t\t\t\t<\/div>\n\t\t\t\t<\/div>\n\t\t\t\t<div class=\"elementor-element elementor-element-30626b33 elementor-align-right elementor-button-info elementor-widget elementor-widget-button\" data-id=\"30626b33\" data-element_type=\"widget\" data-widget_type=\"button.default\">\n\t\t\t\t<div class=\"elementor-widget-container\">\n\t\t\t\t\t\t\t\t\t<div class=\"elementor-button-wrapper\">\n\t\t\t\t\t<a class=\"elementor-button elementor-button-link elementor-size-sm\" href=\"https:\/\/www.facebook.com\/ekologiawyrobow.skn\" target=\"_blank\">\n\t\t\t\t\t\t<span class=\"elementor-button-content-wrapper\">\n\t\t\t\t\t\t\t\t\t<span class=\"elementor-button-text\">strona ko\u0142a<\/span>\n\t\t\t\t\t<\/span>\n\t\t\t\t\t<\/a>\n\t\t\t\t<\/div>\n\t\t\t\t\t\t\t\t<\/div>\n\t\t\t\t<\/div>\n\t\t\t\t\t<\/div>\n\t\t<\/div>\n\t\t\t\t\t<\/div>\n\t\t<\/section>\n\t\t\t\t<\/div>\n\t\t","protected":false},"excerpt":{"rendered":"<p>\/*! elementor &#8211; v3.17.0 &#8211; 08-11-2023 *\/ .elementor-widget-image{text-align:center}.elementor-widget-image a{display:inline-block}.elementor-widget-image a img[src$=&#8221;.svg&#8221;]{width:48px}.elementor-widget-image img{vertical-align:middle;display:inline-block} \/*! elementor &#8211; v3.17.0 &#8211; 08-11-2023 *\/ .elementor-heading-title{padding:0;margin:0;line-height:1}.elementor-widget-heading .elementor-heading-title[class*=elementor-size-]&gt;a{color:inherit;font-size:inherit;line-height:inherit}.elementor-widget-heading .elementor-heading-title.elementor-size-small{font-size:15px}.elementor-widget-heading .elementor-heading-title.elementor-size-medium{font-size:19px}.elementor-widget-heading .elementor-heading-title.elementor-size-large{font-size:29px}.elementor-widget-heading .elementor-heading-title.elementor-size-xl{font-size:39px}.elementor-widget-heading .elementor-heading-title.elementor-size-xxl{font-size:59px} Studenckie Ko\u0142o Naukowe Ekologia Wyrob\u00f3w Przy Katedrze Technologii i Ekologii Wyrob\u00f3w funkcjonuje Studenckie Ko\u0142o Naukowe Ekologii Wyrob\u00f3w (SKNEW). Zrzesza ono wszystkich student\u00f3w, kt\u00f3rzy interesuj\u0105 si\u0119 szeroko poj\u0119t\u0105 ekologi\u0105. W zakresie dzia\u0142alno\u015bci ko\u0142a jest g\u0142\u00f3wnie rozpowszechnianie wiedzy na temat ekologii i \u015brodowiska oraz poruszania wa\u017cnych kwestii zwi\u0105zanych z bie\u017c\u0105cymi problemami. Co zyskasz dzia\u0142aj\u0105c w Kole Naukowym: \u00b7 Poszerzysz wiedz\u0119 z zakresu ekologii, produkcji oraz zarz\u0105dzania \u015brodowiskowego; \u00b7 Cenne do\u015bwiadczenie w zakresie tworzenia prac badawczych; \u00b7 Nowe znajomo\u015bci z lud\u017ami o podobnych zainteresowaniach \u00b7 Mo\u017cliwo\u015b\u0107 udzia\u0142u w wydarzeniach, takich jak debaty oksfordzkie, seminaria naukowe czy te\u017c spotkania integracyjne; \u00b7 Kompetencje organizacyjne; \u00b7 Zobaczysz ciekawe procesy technologiczne podczas wycieczek; \u00b7 Mo\u017cliwo\u015b\u0107 zdobycia dodatkowych punkt\u00f3w do stypendium rektora. Spotkania dla os\u00f3b ch\u0119tnych chc\u0105cych do\u0142\u0105czy\u0107 do ko\u0142a og\u0142aszane s\u0105 na pocz\u0105tku ka\u017cdego z semestr\u00f3w. Jednak\u017ce istnieje mo\u017cliwo\u015b\u0107 do\u0142\u0105czenia do ko\u0142a w ka\u017cdym momencie poprzez kontakt z Zarz\u0105dem Ko\u0142a lub opiekunami. \u00a0 Bie\u017c\u0105ce i dodatkowe informacje mo\u017cna znale\u017a\u0107 na: \u00b7 Stronie uczelni: https:\/\/organizacje.uek.krakow.pl\/organisation\/16 \u00b7 Fanpage na Facebooku: https:\/\/www.facebook.com\/ekologiawyrobow.skn \u00b7 Profilu ko\u0142a na Instagramie: https:\/\/www.instagram.com\/sknew_uek?igsh=MWF4ODhkd3hoNnNoZg%3D%3D&amp;utm_source=qr \u00a0 OPIEKUNOWIE KO\u0141A: dr in\u017c. Marcin Paprocki (paprockm@uek.krakow.pl) dr Marcin Rychwalski (rychwalm@uek.krakow.pl) dr in\u017c. Mateusz Wygoda (wygodam@uek.krakow.pl) strona ko\u0142a<\/p>\n","protected":false},"author":1,"featured_media":0,"parent":336,"menu_order":0,"comment_status":"closed","ping_status":"closed","template":"elementor_header_footer","meta":{"footnotes":""},"class_list":["post-346","page","type-page","status-publish","hentry"],"_links":{"self":[{"href":"https:\/\/injzp.uek.krakow.pl\/ktew\/wp-json\/wp\/v2\/pages\/346","targetHints":{"allow":["GET"]}}],"collection":[{"href":"https:\/\/injzp.uek.krakow.pl\/ktew\/wp-json\/wp\/v2\/pages"}],"about":[{"href":"https:\/\/injzp.uek.krakow.pl\/ktew\/wp-json\/wp\/v2\/types\/page"}],"author":[{"embeddable":true,"href":"https:\/\/injzp.uek.krakow.pl\/ktew\/wp-json\/wp\/v2\/users\/1"}],"replies":[{"embeddable":true,"href":"https:\/\/injzp.uek.krakow.pl\/ktew\/wp-json\/wp\/v2\/comments?post=346"}],"version-history":[{"count":3,"href":"https:\/\/injzp.uek.krakow.pl\/ktew\/wp-json\/wp\/v2\/pages\/346\/revisions"}],"predecessor-version":[{"id":2426,"href":"https:\/\/injzp.uek.krakow.pl\/ktew\/wp-json\/wp\/v2\/pages\/346\/revisions\/2426"}],"up":[{"embeddable":true,"href":"https:\/\/injzp.uek.krakow.pl\/ktew\/wp-json\/wp\/v2\/pages\/336"}],"wp:attachment":[{"href":"https:\/\/injzp.uek.krakow.pl\/ktew\/wp-json\/wp\/v2\/media?parent=346"}],"curies":[{"name":"wp","href":"https:\/\/api.w.org\/{rel}","templated":true}]}}