{"id":212,"date":"2023-02-19T10:20:18","date_gmt":"2023-02-19T09:20:18","guid":{"rendered":"https:\/\/ie.uek.krakow.pl\/ke\/?page_id=212"},"modified":"2025-04-01T10:45:13","modified_gmt":"2025-04-01T08:45:13","slug":"partnerzy","status":"publish","type":"page","link":"https:\/\/injzp.uek.krakow.pl\/kzj\/partnerzy\/","title":{"rendered":"Partnerzy"},"content":{"rendered":"\t\t<div data-elementor-type=\"wp-page\" data-elementor-id=\"212\" class=\"elementor elementor-212\" data-elementor-post-type=\"page\">\n\t\t\t\t\t\t<section data-particle_enable=\"false\" data-particle-mobile-disabled=\"false\" class=\"elementor-section elementor-top-section elementor-element elementor-element-22080c8 elementor-section-boxed elementor-section-height-default elementor-section-height-default\" data-id=\"22080c8\" data-element_type=\"section\" data-settings=\"{&quot;jet_parallax_layout_list&quot;:[]}\">\n\t\t\t\t\t\t<div class=\"elementor-container elementor-column-gap-default\">\n\t\t\t\t\t<div class=\"elementor-column elementor-col-33 elementor-top-column elementor-element elementor-element-c20decf\" data-id=\"c20decf\" data-element_type=\"column\">\n\t\t\t<div class=\"elementor-widget-wrap elementor-element-populated\">\n\t\t\t\t\t\t<div class=\"elementor-element elementor-element-9764738 elementor-widget elementor-widget-image\" data-id=\"9764738\" data-element_type=\"widget\" data-widget_type=\"image.default\">\n\t\t\t\t<div class=\"elementor-widget-container\">\n\t\t\t\t\t\t\t\t\t\t\t\t\t\t\t<img decoding=\"async\" width=\"145\" height=\"184\" src=\"https:\/\/injzp.uek.krakow.pl\/kzj\/wp-content\/uploads\/sites\/10\/2023\/06\/PF-ISO-e1762248714139.png\" class=\"attachment-full size-full wp-image-1836\" alt=\"\" \/>\t\t\t\t\t\t\t\t\t\t\t\t\t\t\t<\/div>\n\t\t\t\t<\/div>\n\t\t\t\t\t<\/div>\n\t\t<\/div>\n\t\t\t\t<div class=\"elementor-column elementor-col-66 elementor-top-column elementor-element elementor-element-101f182\" data-id=\"101f182\" data-element_type=\"column\">\n\t\t\t<div class=\"elementor-widget-wrap elementor-element-populated\">\n\t\t\t\t\t\t<div class=\"elementor-element elementor-element-8723dd5 elementor-widget elementor-widget-heading\" data-id=\"8723dd5\" data-element_type=\"widget\" data-widget_type=\"heading.default\">\n\t\t\t\t<div class=\"elementor-widget-container\">\n\t\t\t\t\t<h2 class=\"elementor-heading-title elementor-size-default\">PF ISO 9000<\/h2>\t\t\t\t<\/div>\n\t\t\t\t<\/div>\n\t\t\t\t<div class=\"elementor-element elementor-element-ff81b7c elementor-widget elementor-widget-text-editor\" data-id=\"ff81b7c\" data-element_type=\"widget\" data-widget_type=\"text-editor.default\">\n\t\t\t\t<div class=\"elementor-widget-container\">\n\t\t\t\t\t\t\t\t\t<p>Katedra Zarz\u0105dzania Jako\u015bci\u0105 jest cz\u0142onkiem rzeczywistym\u00a0<a href=\"http:\/\/www.pfiso9000.pl\/\" target=\"_blank\" rel=\"noopener\">Klubu POLSKIE FORUM ISO 9000<\/a> o numerze 339.\u00a0 <br \/>Klub jest organizacj\u0105 niezale\u017cn\u0105,\u00a0\u00a0dzia\u0142aj\u0105c\u0105 na zasadach dobrowolno\u015bci. Klub wspiera i promuje krajowy system oceny zgodno\u015bci, a w szczeg\u00f3lno\u015bci: akredytacji, certyfikacji i bada\u0144. Klub POLSKIE FORUM ISO 9000 jest najwi\u0119ksz\u0105 w Polsce organizacj\u0105 zrzeszaj\u0105c\u0105 dostawc\u00f3w wyrob\u00f3w i us\u0142ug, zajmuj\u0105cych si\u0119 wdra\u017caniem, doskonaleniem i rozwojem system\u00f3w zarz\u0105dzania oraz oceny zgodno\u015bci na podstawie postanowie\u0144:<br \/>a)\u00a0norm mi\u0119dzynarodowych ISO serii 9000, dotycz\u0105cych system\u00f3w jako\u015bci,<br \/>b)\u00a0innych dokument\u00f3w normatywnych, dotycz\u0105cych system\u00f3w organizacji i zarz\u0105dzania, w tym \u015brodowiskowego i BHP,<br \/>c)\u00a0Dyrektyw Nowego Podej\u015bcia.<\/p>\t\t\t\t\t\t\t\t<\/div>\n\t\t\t\t<\/div>\n\t\t\t\t<div class=\"elementor-element elementor-element-30626b33 elementor-align-right elementor-button-info elementor-widget elementor-widget-button\" data-id=\"30626b33\" data-element_type=\"widget\" data-widget_type=\"button.default\">\n\t\t\t\t<div class=\"elementor-widget-container\">\n\t\t\t\t\t\t\t\t\t<div class=\"elementor-button-wrapper\">\n\t\t\t\t\t<a class=\"elementor-button elementor-button-link elementor-size-sm\" href=\"http:\/\/pfiso9000.pl\/\" target=\"_blank\">\n\t\t\t\t\t\t<span class=\"elementor-button-content-wrapper\">\n\t\t\t\t\t\t<span class=\"elementor-button-icon\">\n\t\t\t\t\t\t\t<\/span>\n\t\t\t\t\t\t\t\t\t<span class=\"elementor-button-text\">strona partnera<\/span>\n\t\t\t\t\t<\/span>\n\t\t\t\t\t<\/a>\n\t\t\t\t<\/div>\n\t\t\t\t\t\t\t\t<\/div>\n\t\t\t\t<\/div>\n\t\t\t\t\t<\/div>\n\t\t<\/div>\n\t\t\t\t\t<\/div>\n\t\t<\/section>\n\t\t\t\t<\/div>\n\t\t","protected":false},"excerpt":{"rendered":"<p>\/*! elementor &#8211; v3.13.3 &#8211; 28-05-2023 *\/ .elementor-widget-image{text-align:center}.elementor-widget-image a{display:inline-block}.elementor-widget-image a img[src$=&#8221;.svg&#8221;]{width:48px}.elementor-widget-image img{vertical-align:middle;display:inline-block} \/*! elementor &#8211; v3.13.3 &#8211; 28-05-2023 *\/ .elementor-heading-title{padding:0;margin:0;line-height:1}.elementor-widget-heading .elementor-heading-title[class*=elementor-size-]&gt;a{color:inherit;font-size:inherit;line-height:inherit}.elementor-widget-heading .elementor-heading-title.elementor-size-small{font-size:15px}.elementor-widget-heading .elementor-heading-title.elementor-size-medium{font-size:19px}.elementor-widget-heading .elementor-heading-title.elementor-size-large{font-size:29px}.elementor-widget-heading .elementor-heading-title.elementor-size-xl{font-size:39px}.elementor-widget-heading .elementor-heading-title.elementor-size-xxl{font-size:59px} PF ISO 9000 Katedra Zarz\u0105dzania Jako\u015bci\u0105 jest cz\u0142onkiem rzeczywistym\u00a0Klubu POLSKIE FORUM ISO 9000 o numerze 339.\u00a0 Klub jest organizacj\u0105 niezale\u017cn\u0105,\u00a0\u00a0dzia\u0142aj\u0105c\u0105 na zasadach dobrowolno\u015bci. Klub wspiera i promuje krajowy system oceny zgodno\u015bci, a w szczeg\u00f3lno\u015bci: akredytacji, certyfikacji i bada\u0144. Klub POLSKIE FORUM ISO 9000 jest najwi\u0119ksz\u0105 w Polsce organizacj\u0105 zrzeszaj\u0105c\u0105 dostawc\u00f3w wyrob\u00f3w i us\u0142ug, zajmuj\u0105cych si\u0119 wdra\u017caniem, doskonaleniem i rozwojem system\u00f3w zarz\u0105dzania oraz oceny zgodno\u015bci na podstawie postanowie\u0144:a)\u00a0norm mi\u0119dzynarodowych ISO serii 9000, dotycz\u0105cych system\u00f3w jako\u015bci,b)\u00a0innych dokument\u00f3w normatywnych, dotycz\u0105cych system\u00f3w organizacji i zarz\u0105dzania, w tym \u015brodowiskowego i BHP,c)\u00a0Dyrektyw Nowego Podej\u015bcia. strona partnera<\/p>\n","protected":false},"author":1,"featured_media":0,"parent":0,"menu_order":0,"comment_status":"closed","ping_status":"closed","template":"elementor_header_footer","meta":{"footnotes":""},"class_list":["post-212","page","type-page","status-publish","hentry"],"_links":{"self":[{"href":"https:\/\/injzp.uek.krakow.pl\/kzj\/wp-json\/wp\/v2\/pages\/212","targetHints":{"allow":["GET"]}}],"collection":[{"href":"https:\/\/injzp.uek.krakow.pl\/kzj\/wp-json\/wp\/v2\/pages"}],"about":[{"href":"https:\/\/injzp.uek.krakow.pl\/kzj\/wp-json\/wp\/v2\/types\/page"}],"author":[{"embeddable":true,"href":"https:\/\/injzp.uek.krakow.pl\/kzj\/wp-json\/wp\/v2\/users\/1"}],"replies":[{"embeddable":true,"href":"https:\/\/injzp.uek.krakow.pl\/kzj\/wp-json\/wp\/v2\/comments?post=212"}],"version-history":[{"count":3,"href":"https:\/\/injzp.uek.krakow.pl\/kzj\/wp-json\/wp\/v2\/pages\/212\/revisions"}],"predecessor-version":[{"id":1904,"href":"https:\/\/injzp.uek.krakow.pl\/kzj\/wp-json\/wp\/v2\/pages\/212\/revisions\/1904"}],"wp:attachment":[{"href":"https:\/\/injzp.uek.krakow.pl\/kzj\/wp-json\/wp\/v2\/media?parent=212"}],"curies":[{"name":"wp","href":"https:\/\/api.w.org\/{rel}","templated":true}]}}