{"id":174,"date":"2023-02-19T01:50:07","date_gmt":"2023-02-19T00:50:07","guid":{"rendered":"https:\/\/ie.uek.krakow.pl\/ke\/?page_id=174"},"modified":"2023-12-19T10:55:30","modified_gmt":"2023-12-19T09:55:30","slug":"pracownicy-uek","status":"publish","type":"page","link":"https:\/\/injzp.uek.krakow.pl\/kzp\/pracownicy-uek\/","title":{"rendered":"Pracownicy"},"content":{"rendered":"\t\t<div data-elementor-type=\"wp-page\" data-elementor-id=\"174\" class=\"elementor elementor-174\" data-elementor-post-type=\"page\">\n\t\t\t\t\t\t<section data-particle_enable=\"false\" data-particle-mobile-disabled=\"false\" class=\"elementor-section elementor-top-section elementor-element elementor-element-be20bad elementor-section-boxed elementor-section-height-default elementor-section-height-default\" data-id=\"be20bad\" data-element_type=\"section\" data-settings=\"{&quot;jet_parallax_layout_list&quot;:[]}\">\n\t\t\t\t\t\t<div class=\"elementor-container elementor-column-gap-default\">\n\t\t\t\t\t<div class=\"elementor-column elementor-col-100 elementor-top-column elementor-element elementor-element-c099fef\" data-id=\"c099fef\" data-element_type=\"column\">\n\t\t\t<div class=\"elementor-widget-wrap elementor-element-populated\">\n\t\t\t\t\t\t<div class=\"elementor-element elementor-element-923f8d4 elementor-widget elementor-widget-heading\" data-id=\"923f8d4\" data-element_type=\"widget\" id=\"kpii\" data-widget_type=\"heading.default\">\n\t\t\t\t<div class=\"elementor-widget-container\">\n\t\t\t\t\t<h2 class=\"elementor-heading-title elementor-size-default\">KATEDRA ...<\/h2>\t\t\t\t<\/div>\n\t\t\t\t<\/div>\n\t\t\t\t<section data-particle_enable=\"false\" data-particle-mobile-disabled=\"false\" class=\"elementor-section elementor-inner-section elementor-element elementor-element-4f9f836 elementor-section-boxed elementor-section-height-default elementor-section-height-default\" data-id=\"4f9f836\" data-element_type=\"section\" data-settings=\"{&quot;jet_parallax_layout_list&quot;:[],&quot;background_background&quot;:&quot;classic&quot;,&quot;shape_divider_bottom&quot;:&quot;arrow&quot;,&quot;shape_divider_bottom_negative&quot;:&quot;yes&quot;}\">\n\t\t\t\t\t<div class=\"elementor-shape elementor-shape-bottom\" data-negative=\"true\">\n\t\t\t<svg xmlns=\"http:\/\/www.w3.org\/2000\/svg\" viewBox=\"0 0 700 10\" preserveAspectRatio=\"none\">\n\t<path class=\"elementor-shape-fill\" d=\"M360 0L350 9.9 340 0 0 0 0 10 700 10 700 0\"\/>\n<\/svg>\t\t<\/div>\n\t\t\t\t\t<div class=\"elementor-container elementor-column-gap-default\">\n\t\t\t\t\t<div class=\"elementor-column elementor-col-50 elementor-inner-column elementor-element elementor-element-7a9c1ea\" data-id=\"7a9c1ea\" data-element_type=\"column\">\n\t\t\t<div class=\"elementor-widget-wrap elementor-element-populated\">\n\t\t\t\t\t\t<div class=\"elementor-element elementor-element-6239586 elementor-widget elementor-widget-heading\" data-id=\"6239586\" data-element_type=\"widget\" data-widget_type=\"heading.default\">\n\t\t\t\t<div class=\"elementor-widget-container\">\n\t\t\t\t\t<h4 class=\"elementor-heading-title elementor-size-default\">Kierownik Katedry<\/h4>\t\t\t\t<\/div>\n\t\t\t\t<\/div>\n\t\t\t\t\t<\/div>\n\t\t<\/div>\n\t\t\t\t<div class=\"elementor-column elementor-col-50 elementor-inner-column elementor-element elementor-element-d1d5d6a\" data-id=\"d1d5d6a\" data-element_type=\"column\">\n\t\t\t<div class=\"elementor-widget-wrap elementor-element-populated\">\n\t\t\t\t\t\t<div class=\"elementor-element elementor-element-a114a1c elementor-widget elementor-widget-eael-post-list\" data-id=\"a114a1c\" data-element_type=\"widget\" data-widget_type=\"eael-post-list.default\">\n\t\t\t\t<div class=\"elementor-widget-container\">\n\t\t\t\t\t<div class=\"eael-post-list-container default layout-default\"><div class=\"eael-post-list-wrap\"><div class=\"eael-post-list-posts-wrap eael-post-appender eael-post-appender-a114a1c\"><div class=\"eael-post-list-post \"><div class=\"eael-post-list-thumbnail \"><a href=\"https:\/\/injzp.uek.krakow.pl\/kzp\/pracownicy\/dr-hab-marek-jablonski-prof-uek\/\">\n                            <img decoding=\"async\" src=\"https:\/\/injzp.uek.krakow.pl\/kzp\/wp-content\/uploads\/sites\/11\/2023\/02\/cropped_image-12-768x1024.webp\" alt=\"\">\n                        <\/a><\/div><div class=\"eael-post-list-content\"><h2 class=\"eael-post-list-title\"><a href=\"https:\/\/injzp.uek.krakow.pl\/kzp\/pracownicy\/dr-hab-marek-jablonski-prof-uek\/\" >dr hab. Marek Jab\u0142o\u0144ski, Prof. UEK<\/a><\/h2><\/div><\/div><\/div><\/div>\n\t\t<\/div>\t\t\t\t<\/div>\n\t\t\t\t<\/div>\n\t\t\t\t\t<\/div>\n\t\t<\/div>\n\t\t\t\t\t<\/div>\n\t\t<\/section>\n\t\t\t\t<div class=\"elementor-element elementor-element-3b905d0 elementor-widget elementor-widget-eael-post-list\" data-id=\"3b905d0\" data-element_type=\"widget\" data-widget_type=\"eael-post-list.default\">\n\t\t\t\t<div class=\"elementor-widget-container\">\n\t\t\t\t\t<div class=\"eael-post-list-container default layout-default\"><div class=\"eael-post-list-wrap\"><div class=\"eael-post-list-posts-wrap eael-post-appender eael-post-appender-3b905d0\"><div class=\"eael-post-list-post \"><div class=\"eael-post-list-thumbnail \"><a href=\"https:\/\/injzp.uek.krakow.pl\/kzp\/pracownicy\/prof-dr-hab-tadeusz-sikora\/\">\n                            <img decoding=\"async\" src=\"https:\/\/injzp.uek.krakow.pl\/kzp\/wp-content\/uploads\/sites\/11\/2023\/12\/cropped_image-5.webp\" alt=\"\">\n                        <\/a><\/div><div class=\"eael-post-list-content\"><h2 class=\"eael-post-list-title\"><a href=\"https:\/\/injzp.uek.krakow.pl\/kzp\/pracownicy\/prof-dr-hab-tadeusz-sikora\/\" >Prof. dr hab. Tadeusz Sikora<\/a><\/h2><\/div><\/div><div class=\"eael-post-list-post eael-empty-thumbnail\"><div class=\"eael-post-list-thumbnail eael-empty-thumbnail\"><\/div><div class=\"eael-post-list-content\"><h2 class=\"eael-post-list-title\"><a href=\"https:\/\/injzp.uek.krakow.pl\/kzp\/pracownicy\/dr-hab-anna-prusak-prof-uek\/\" >dr hab. Anna Prusak, prof. UEK<\/a><\/h2><\/div><\/div><div class=\"eael-post-list-post \"><div class=\"eael-post-list-thumbnail \"><a href=\"https:\/\/injzp.uek.krakow.pl\/kzp\/pracownicy\/dr-hab-wieslaw-lukasinski-prof-uek\/\">\n                            <img decoding=\"async\" src=\"https:\/\/injzp.uek.krakow.pl\/kzp\/wp-content\/uploads\/sites\/11\/2023\/12\/Wiesiu2.webp\" alt=\"\">\n                        <\/a><\/div><div class=\"eael-post-list-content\"><h2 class=\"eael-post-list-title\"><a href=\"https:\/\/injzp.uek.krakow.pl\/kzp\/pracownicy\/dr-hab-wieslaw-lukasinski-prof-uek\/\" >dr hab. Wies\u0142aw \u0141ukasi\u0144ski, prof. UEK<\/a><\/h2><\/div><\/div><div class=\"eael-post-list-post \"><div class=\"eael-post-list-thumbnail \"><a href=\"https:\/\/injzp.uek.krakow.pl\/kzp\/pracownicy\/dr-hab-marcin-gebarowski-prof-uek\/\">\n                            <img decoding=\"async\" src=\"https:\/\/injzp.uek.krakow.pl\/kzp\/wp-content\/uploads\/sites\/11\/2023\/12\/cropped_image-3.webp\" alt=\"Sylwetka pracownika\">\n                        <\/a><\/div><div class=\"eael-post-list-content\"><h2 class=\"eael-post-list-title\"><a href=\"https:\/\/injzp.uek.krakow.pl\/kzp\/pracownicy\/dr-hab-marcin-gebarowski-prof-uek\/\" >dr hab. Marcin G\u0119barowski, prof. UEK<\/a><\/h2><\/div><\/div><div class=\"eael-post-list-post \"><div class=\"eael-post-list-thumbnail \"><a href=\"https:\/\/injzp.uek.krakow.pl\/kzp\/pracownicy\/dr-dariusz-firszt\/\">\n                            <img decoding=\"async\" src=\"https:\/\/injzp.uek.krakow.pl\/kzp\/wp-content\/uploads\/sites\/11\/2023\/12\/cropped_image-8.webp\" alt=\"\">\n                        <\/a><\/div><div class=\"eael-post-list-content\"><h2 class=\"eael-post-list-title\"><a href=\"https:\/\/injzp.uek.krakow.pl\/kzp\/pracownicy\/dr-dariusz-firszt\/\" >dr Dariusz Firszt<\/a><\/h2><\/div><\/div><div class=\"eael-post-list-post \"><div class=\"eael-post-list-thumbnail \"><a href=\"https:\/\/injzp.uek.krakow.pl\/kzp\/pracownicy\/dr-jakub-bartak\/\">\n                            <img decoding=\"async\" src=\"https:\/\/injzp.uek.krakow.pl\/kzp\/wp-content\/uploads\/sites\/11\/2023\/12\/cropped_image-2-scaled.webp\" alt=\"Sylwetka pracownika\">\n                        <\/a><\/div><div class=\"eael-post-list-content\"><h2 class=\"eael-post-list-title\"><a href=\"https:\/\/injzp.uek.krakow.pl\/kzp\/pracownicy\/dr-jakub-bartak\/\" >dr Jakub Bartak<\/a><\/h2><\/div><\/div><div class=\"eael-post-list-post \"><div class=\"eael-post-list-thumbnail \"><a href=\"https:\/\/injzp.uek.krakow.pl\/kzp\/pracownicy\/dr-mariola-wiater-2\/\">\n                            <img decoding=\"async\" src=\"https:\/\/injzp.uek.krakow.pl\/kzp\/wp-content\/uploads\/sites\/11\/2023\/12\/PM_0017-scaled.jpg\" alt=\"\">\n                        <\/a><\/div><div class=\"eael-post-list-content\"><h2 class=\"eael-post-list-title\"><a href=\"https:\/\/injzp.uek.krakow.pl\/kzp\/pracownicy\/dr-mariola-wiater-2\/\" >dr Mariola Wiater<\/a><\/h2><\/div><\/div><div class=\"eael-post-list-post \"><div class=\"eael-post-list-thumbnail \"><a href=\"https:\/\/injzp.uek.krakow.pl\/kzp\/pracownicy\/mgr-julia-karcz-ryndak\/\">\n                            <img decoding=\"async\" src=\"https:\/\/injzp.uek.krakow.pl\/kzp\/wp-content\/uploads\/sites\/11\/2023\/12\/cropped_image-9.webp\" alt=\"\">\n                        <\/a><\/div><div class=\"eael-post-list-content\"><h2 class=\"eael-post-list-title\"><a href=\"https:\/\/injzp.uek.krakow.pl\/kzp\/pracownicy\/mgr-julia-karcz-ryndak\/\" >mgr Julia Karcz &#8211; Ryndak<\/a><\/h2><\/div><\/div><div class=\"eael-post-list-post eael-empty-thumbnail\"><div class=\"eael-post-list-thumbnail eael-empty-thumbnail\"><\/div><div class=\"eael-post-list-content\"><h2 class=\"eael-post-list-title\"><a href=\"https:\/\/injzp.uek.krakow.pl\/kzp\/pracownicy\/mgr-marzena-wojcik\/\" >mgr Marzena W\u00f3jcik<\/a><\/h2><\/div><\/div><div class=\"eael-post-list-post \"><div class=\"eael-post-list-thumbnail \"><a href=\"https:\/\/injzp.uek.krakow.pl\/kzp\/pracownicy\/sabina-mrowka\/\">\n                            <img decoding=\"async\" src=\"https:\/\/injzp.uek.krakow.pl\/kzp\/wp-content\/uploads\/sites\/11\/2023\/02\/zdjecie-Sabina-Mrowka.png\" alt=\"\">\n                        <\/a><\/div><div class=\"eael-post-list-content\"><h2 class=\"eael-post-list-title\"><a href=\"https:\/\/injzp.uek.krakow.pl\/kzp\/pracownicy\/sabina-mrowka\/\" >mgr in\u017c. Sabina Mr\u00f3wka<\/a><\/h2><\/div><\/div><\/div><\/div>\n\t\t<\/div>\t\t\t\t<\/div>\n\t\t\t\t<\/div>\n\t\t\t\t\t<\/div>\n\t\t<\/div>\n\t\t\t\t\t<\/div>\n\t\t<\/section>\n\t\t\t\t<\/div>\n\t\t","protected":false},"excerpt":{"rendered":"<p>KATEDRA &#8230; Kierownik Katedry dr hab. Marek Jab\u0142o\u0144ski, Prof. UEK Prof. dr hab. Tadeusz Sikora dr hab. Wies\u0142aw \u0141ukasi\u0144ski, prof. UEK dr hab. Anna Prusak, prof. UEK dr Mariola Wiater mgr Marzena W\u00f3jcik dr hab. Marcin G\u0119barowski, prof. UEK dr Jakub Bartak<\/p>\n","protected":false},"author":1,"featured_media":0,"parent":0,"menu_order":0,"comment_status":"closed","ping_status":"closed","template":"elementor_header_footer","meta":{"footnotes":""},"class_list":["post-174","page","type-page","status-publish","hentry"],"_links":{"self":[{"href":"https:\/\/injzp.uek.krakow.pl\/kzp\/wp-json\/wp\/v2\/pages\/174","targetHints":{"allow":["GET"]}}],"collection":[{"href":"https:\/\/injzp.uek.krakow.pl\/kzp\/wp-json\/wp\/v2\/pages"}],"about":[{"href":"https:\/\/injzp.uek.krakow.pl\/kzp\/wp-json\/wp\/v2\/types\/page"}],"author":[{"embeddable":true,"href":"https:\/\/injzp.uek.krakow.pl\/kzp\/wp-json\/wp\/v2\/users\/1"}],"replies":[{"embeddable":true,"href":"https:\/\/injzp.uek.krakow.pl\/kzp\/wp-json\/wp\/v2\/comments?post=174"}],"version-history":[{"count":24,"href":"https:\/\/injzp.uek.krakow.pl\/kzp\/wp-json\/wp\/v2\/pages\/174\/revisions"}],"predecessor-version":[{"id":1978,"href":"https:\/\/injzp.uek.krakow.pl\/kzp\/wp-json\/wp\/v2\/pages\/174\/revisions\/1978"}],"wp:attachment":[{"href":"https:\/\/injzp.uek.krakow.pl\/kzp\/wp-json\/wp\/v2\/media?parent=174"}],"curies":[{"name":"wp","href":"https:\/\/api.w.org\/{rel}","templated":true}]}}

<div data-elementor-type="wp-page" data-elementor-id="174" class="elementor elementor-174" data-elementor-post-type="page">
						<section data-particle_enable="false" data-particle-mobile-disabled="false" class="elementor-section elementor-top-section elementor-element elementor-element-be20bad elementor-section-boxed elementor-section-height-default elementor-section-height-default" data-id="be20bad" data-element_type="section" data-settings="{&quot;jet_parallax_layout_list&quot;:[]}">
						<div class="elementor-container elementor-column-gap-default">
					<div class="elementor-column elementor-col-100 elementor-top-column elementor-element elementor-element-c099fef" data-id="c099fef" data-element_type="column">
			<div class="elementor-widget-wrap elementor-element-populated">
						<div class="elementor-element elementor-element-923f8d4 elementor-widget elementor-widget-heading" data-id="923f8d4" data-element_type="widget" id="kpii" data-widget_type="heading.default">
				<div class="elementor-widget-container">
					<h2 class="elementor-heading-title elementor-size-default">KATEDRA ...</h2>				</div>
				</div>
				<section data-particle_enable="false" data-particle-mobile-disabled="false" class="elementor-section elementor-inner-section elementor-element elementor-element-4f9f836 elementor-section-boxed elementor-section-height-default elementor-section-height-default" data-id="4f9f836" data-element_type="section" data-settings="{&quot;jet_parallax_layout_list&quot;:[],&quot;background_background&quot;:&quot;classic&quot;,&quot;shape_divider_bottom&quot;:&quot;arrow&quot;,&quot;shape_divider_bottom_negative&quot;:&quot;yes&quot;}">
					<div class="elementor-shape elementor-shape-bottom" data-negative="true">
			<svg xmlns="http://www.w3.org/2000/svg" viewBox="0 0 700 10" preserveAspectRatio="none">
	<path class="elementor-shape-fill" d="M360 0L350 9.9 340 0 0 0 0 10 700 10 700 0"/>
</svg>		</div>
					<div class="elementor-container elementor-column-gap-default">
					<div class="elementor-column elementor-col-50 elementor-inner-column elementor-element elementor-element-7a9c1ea" data-id="7a9c1ea" data-element_type="column">
			<div class="elementor-widget-wrap elementor-element-populated">
						<div class="elementor-element elementor-element-6239586 elementor-widget elementor-widget-heading" data-id="6239586" data-element_type="widget" data-widget_type="heading.default">
				<div class="elementor-widget-container">
					<h4 class="elementor-heading-title elementor-size-default">Kierownik Katedry</h4>				</div>
				</div>
					</div>
		</div>
				<div class="elementor-column elementor-col-50 elementor-inner-column elementor-element elementor-element-d1d5d6a" data-id="d1d5d6a" data-element_type="column">
			<div class="elementor-widget-wrap elementor-element-populated">
						<div class="elementor-element elementor-element-a114a1c elementor-widget elementor-widget-eael-post-list" data-id="a114a1c" data-element_type="widget" data-widget_type="eael-post-list.default">
				<div class="elementor-widget-container">
					<div class="eael-post-list-container default layout-default"><div class="eael-post-list-wrap"><div class="eael-post-list-posts-wrap eael-post-appender eael-post-appender-a114a1c"><div class="eael-post-list-post "><div class="eael-post-list-thumbnail "><a href="https://injzp.uek.krakow.pl/kzp/pracownicy/dr-hab-marek-jablonski-prof-uek/">
                            <img decoding="async" src="https://injzp.uek.krakow.pl/kzp/wp-content/uploads/sites/11/2023/02/cropped_image-12-768x1024.webp" alt="">
                        </a></div><div class="eael-post-list-content"><h2 class="eael-post-list-title"><a href="https://injzp.uek.krakow.pl/kzp/pracownicy/dr-hab-marek-jablonski-prof-uek/" >dr hab. Marek Jabłoński, Prof. UEK</a></h2></div></div></div></div>
		</div>				</div>
				</div>
					</div>
		</div>
					</div>
		</section>
				<div class="elementor-element elementor-element-3b905d0 elementor-widget elementor-widget-eael-post-list" data-id="3b905d0" data-element_type="widget" data-widget_type="eael-post-list.default">
				<div class="elementor-widget-container">
					<div class="eael-post-list-container default layout-default"><div class="eael-post-list-wrap"><div class="eael-post-list-posts-wrap eael-post-appender eael-post-appender-3b905d0"><div class="eael-post-list-post "><div class="eael-post-list-thumbnail "><a href="https://injzp.uek.krakow.pl/kzp/pracownicy/prof-dr-hab-tadeusz-sikora/">
                            <img decoding="async" src="https://injzp.uek.krakow.pl/kzp/wp-content/uploads/sites/11/2023/12/cropped_image-5.webp" alt="">
                        </a></div><div class="eael-post-list-content"><h2 class="eael-post-list-title"><a href="https://injzp.uek.krakow.pl/kzp/pracownicy/prof-dr-hab-tadeusz-sikora/" >Prof. dr hab. Tadeusz Sikora</a></h2></div></div><div class="eael-post-list-post eael-empty-thumbnail"><div class="eael-post-list-thumbnail eael-empty-thumbnail"></div><div class="eael-post-list-content"><h2 class="eael-post-list-title"><a href="https://injzp.uek.krakow.pl/kzp/pracownicy/dr-hab-anna-prusak-prof-uek/" >dr hab. Anna Prusak, prof. UEK</a></h2></div></div><div class="eael-post-list-post "><div class="eael-post-list-thumbnail "><a href="https://injzp.uek.krakow.pl/kzp/pracownicy/dr-hab-wieslaw-lukasinski-prof-uek/">
                            <img decoding="async" src="https://injzp.uek.krakow.pl/kzp/wp-content/uploads/sites/11/2023/12/Wiesiu2.webp" alt="">
                        </a></div><div class="eael-post-list-content"><h2 class="eael-post-list-title"><a href="https://injzp.uek.krakow.pl/kzp/pracownicy/dr-hab-wieslaw-lukasinski-prof-uek/" >dr hab. Wiesław Łukasiński, prof. UEK</a></h2></div></div><div class="eael-post-list-post "><div class="eael-post-list-thumbnail "><a href="https://injzp.uek.krakow.pl/kzp/pracownicy/dr-hab-marcin-gebarowski-prof-uek/">
                            <img decoding="async" src="https://injzp.uek.krakow.pl/kzp/wp-content/uploads/sites/11/2023/12/cropped_image-3.webp" alt="Sylwetka pracownika">
                        </a></div><div class="eael-post-list-content"><h2 class="eael-post-list-title"><a href="https://injzp.uek.krakow.pl/kzp/pracownicy/dr-hab-marcin-gebarowski-prof-uek/" >dr hab. Marcin Gębarowski, prof. UEK</a></h2></div></div><div class="eael-post-list-post "><div class="eael-post-list-thumbnail "><a href="https://injzp.uek.krakow.pl/kzp/pracownicy/dr-dariusz-firszt/">
                            <img decoding="async" src="https://injzp.uek.krakow.pl/kzp/wp-content/uploads/sites/11/2023/12/cropped_image-8.webp" alt="">
                        </a></div><div class="eael-post-list-content"><h2 class="eael-post-list-title"><a href="https://injzp.uek.krakow.pl/kzp/pracownicy/dr-dariusz-firszt/" >dr Dariusz Firszt</a></h2></div></div><div class="eael-post-list-post "><div class="eael-post-list-thumbnail "><a href="https://injzp.uek.krakow.pl/kzp/pracownicy/dr-jakub-bartak/">
                            <img decoding="async" src="https://injzp.uek.krakow.pl/kzp/wp-content/uploads/sites/11/2023/12/cropped_image-2-scaled.webp" alt="Sylwetka pracownika">
                        </a></div><div class="eael-post-list-content"><h2 class="eael-post-list-title"><a href="https://injzp.uek.krakow.pl/kzp/pracownicy/dr-jakub-bartak/" >dr Jakub Bartak</a></h2></div></div><div class="eael-post-list-post "><div class="eael-post-list-thumbnail "><a href="https://injzp.uek.krakow.pl/kzp/pracownicy/dr-mariola-wiater-2/">
                            <img decoding="async" src="https://injzp.uek.krakow.pl/kzp/wp-content/uploads/sites/11/2023/12/PM_0017-scaled.jpg" alt="">
                        </a></div><div class="eael-post-list-content"><h2 class="eael-post-list-title"><a href="https://injzp.uek.krakow.pl/kzp/pracownicy/dr-mariola-wiater-2/" >dr Mariola Wiater</a></h2></div></div><div class="eael-post-list-post "><div class="eael-post-list-thumbnail "><a href="https://injzp.uek.krakow.pl/kzp/pracownicy/mgr-julia-karcz-ryndak/">
                            <img decoding="async" src="https://injzp.uek.krakow.pl/kzp/wp-content/uploads/sites/11/2023/12/cropped_image-9.webp" alt="">
                        </a></div><div class="eael-post-list-content"><h2 class="eael-post-list-title"><a href="https://injzp.uek.krakow.pl/kzp/pracownicy/mgr-julia-karcz-ryndak/" >mgr Julia Karcz &#8211; Ryndak</a></h2></div></div><div class="eael-post-list-post eael-empty-thumbnail"><div class="eael-post-list-thumbnail eael-empty-thumbnail"></div><div class="eael-post-list-content"><h2 class="eael-post-list-title"><a href="https://injzp.uek.krakow.pl/kzp/pracownicy/mgr-marzena-wojcik/" >mgr Marzena Wójcik</a></h2></div></div><div class="eael-post-list-post "><div class="eael-post-list-thumbnail "><a href="https://injzp.uek.krakow.pl/kzp/pracownicy/sabina-mrowka/">
                            <img decoding="async" src="https://injzp.uek.krakow.pl/kzp/wp-content/uploads/sites/11/2023/02/zdjecie-Sabina-Mrowka.png" alt="">
                        </a></div><div class="eael-post-list-content"><h2 class="eael-post-list-title"><a href="https://injzp.uek.krakow.pl/kzp/pracownicy/sabina-mrowka/" >mgr inż. Sabina Mrówka</a></h2></div></div></div></div>
		</div>				</div>
				</div>
					</div>
		</div>
					</div>
		</section>
				</div>

<p>KATEDRA &#8230; Kierownik Katedry dr hab. Marek Jabłoński, Prof. UEK Prof. dr hab. Tadeusz Sikora dr hab. Wiesław Łukasiński, prof. UEK dr hab. Anna Prusak, prof. UEK dr Mariola Wiater mgr Marzena Wójcik dr hab. Marcin Gębarowski, prof. UEK dr Jakub Bartak</p>
