{"id":88,"date":"2023-02-19T00:19:19","date_gmt":"2023-02-18T23:19:19","guid":{"rendered":"https:\/\/ie.uek.krakow.pl\/ke\/?page_id=88"},"modified":"2024-04-20T15:09:39","modified_gmt":"2024-04-20T13:09:39","slug":"o-katedrze","status":"publish","type":"page","link":"https:\/\/injzp.uek.krakow.pl\/kzp\/o-katedrze\/","title":{"rendered":"O Katedrze"},"content":{"rendered":"\t\t<div data-elementor-type=\"wp-page\" data-elementor-id=\"88\" class=\"elementor elementor-88\" data-elementor-post-type=\"page\">\n\t\t\t\t\t\t<section data-particle_enable=\"false\" data-particle-mobile-disabled=\"false\" class=\"elementor-section elementor-top-section elementor-element elementor-element-4ca67fb elementor-section-boxed elementor-section-height-default elementor-section-height-default\" data-id=\"4ca67fb\" data-element_type=\"section\" data-settings=\"{&quot;jet_parallax_layout_list&quot;:[]}\">\n\t\t\t\t\t\t<div class=\"elementor-container elementor-column-gap-default\">\n\t\t\t\t\t<div class=\"elementor-column elementor-col-100 elementor-top-column elementor-element elementor-element-22e0d310\" data-id=\"22e0d310\" data-element_type=\"column\">\n\t\t\t<div class=\"elementor-widget-wrap elementor-element-populated\">\n\t\t\t\t\t\t<div class=\"elementor-element elementor-element-7c047738 elementor-widget elementor-widget-jet-headline\" data-id=\"7c047738\" data-element_type=\"widget\" data-widget_type=\"jet-headline.default\">\n\t\t\t\t<div class=\"elementor-widget-container\">\n\t\t\t\t\t<h2 class=\"jet-headline jet-headline--direction-horizontal\"><span class=\"jet-headline__part jet-headline__first\"><span class=\"jet-headline__label\">Katedra zarz\u0105dzania procesowego<\/span><\/span><span class=\"jet-headline__space\">&nbsp;<\/span><\/h2>\t\t\t\t<\/div>\n\t\t\t\t<\/div>\n\t\t\t\t<div class=\"elementor-element elementor-element-27706e0c elementor-widget-divider--view-line elementor-invisible elementor-widget elementor-widget-divider\" data-id=\"27706e0c\" data-element_type=\"widget\" data-settings=\"{&quot;_animation&quot;:&quot;fadeInLeft&quot;}\" data-widget_type=\"divider.default\">\n\t\t\t\t<div class=\"elementor-widget-container\">\n\t\t\t\t\t\t\t<div class=\"elementor-divider\">\n\t\t\t<span class=\"elementor-divider-separator\">\n\t\t\t\t\t\t<\/span>\n\t\t<\/div>\n\t\t\t\t\t\t<\/div>\n\t\t\t\t<\/div>\n\t\t\t\t<div class=\"elementor-element elementor-element-64fa2182 elementor-widget elementor-widget-text-editor\" data-id=\"64fa2182\" data-element_type=\"widget\" data-widget_type=\"text-editor.default\">\n\t\t\t\t<div class=\"elementor-widget-container\">\n\t\t\t\t\t\t\t\t\t<blockquote><p><strong>Kierownik Katedry: dr hab. Marek Jab\u0142o\u0144ski, prof. UEK<\/strong><\/p><\/blockquote><p>Katedra Zarz\u0105dzania Procesowego powsta\u0142a w 2016 roku.<\/p><p>Kluczowe obszary dzia\u0142alno\u015bci naukowo-dydaktycznej pracownik\u00f3w Katedry obejmuj\u0105 mi in.:<\/p><ul><li>zarzadzanie procesowe,<\/li><li>koncepcje i metody zarz\u0105dzania,<\/li><li>zarz\u0105dzanie jako\u015bci\u0105,<\/li><li>projako\u015bciowe zarz\u0105dzanie produkcj\u0105,<\/li><li>zarz\u0105dzanie relacjami,<\/li><li>zarz\u0105dzanie projektami,<\/li><li>innowacje publiczne,<\/li><li>targi i marketing relacji.<\/li><\/ul><p>Pracownicy badawczo-dydaktyczni Katedry s\u0105 autorami licznych publikacji naukowych, w tym: monografii naukowych, podr\u0119cznik\u00f3w, skrypt\u00f3w, artyku\u0142\u00f3w, raport\u00f3w<em>.<\/em><\/p><p>Pracownicy Katedry uczestnicz\u0105 w krajowych i mi\u0119dzynarodowych konferencjach naukowych, wchodz\u0105c w sk\u0142ad: kolegi\u00f3w rad naukowych i programowych, s\u0105 prelegentami i moderatorami sesji naukowych, paneli eksperckich, warsztat\u00f3w praktycznych.<\/p><p>Pracownicy s\u0105 cz\u0142onkami rad programowych wielu czasopism naukowych z zakresu nauk o zarz\u0105dzaniu i jako\u015bci w kraju i za granic\u0105.<\/p><p>Pracownicy Katedry aktywnie wsp\u00f3\u0142pracuj\u0105 z praktyk\u0105 gospodarcz\u0105, wchodz\u0105c w sk\u0142ad zespo\u0142\u00f3w eksperckich \u015bwiadcz\u0105cych us\u0142ugi doradcze i szkoleniowe. Rezultaty dzia\u0142alno\u015bci naukowo-badawczej prowadzonej przez pracownik\u00f3w Katedry wdra\u017cane s\u0105 w praktyce gospodarczej (zar\u00f3wno w organizacjach biznesowych, jak i instytucjach publicznych), w szczeg\u00f3lno\u015bci w zakresie:<\/p><ul><li><p>projektowania system\u00f3w wynagrodze\u0144 i premiowania,<\/p><\/li><li><p>etatyzacji,<\/p><\/li><li><p>system\u00f3w ocen pracowniczych,<\/p><\/li><li><p>identyfikacji, modelowania i usprawnie\u0144 proces\u00f3w biznesowych.<\/p><\/li><li style=\"list-style-type: none\">\u00a0<\/li><\/ul>\t\t\t\t\t\t\t\t<\/div>\n\t\t\t\t<\/div>\n\t\t\t\t<div class=\"elementor-element elementor-element-7c7342c elementor-widget elementor-widget-image\" data-id=\"7c7342c\" data-element_type=\"widget\" data-widget_type=\"image.default\">\n\t\t\t\t<div class=\"elementor-widget-container\">\n\t\t\t\t\t\t\t\t\t\t\t\t\t\t\t<img decoding=\"async\" src=\"https:\/\/ie.uek.krakow.pl\/ke\/wp-content\/uploads\/sites\/3\/2023\/02\/placeholder-1.png\" title=\"\" alt=\"\" loading=\"lazy\" \/>\t\t\t\t\t\t\t\t\t\t\t\t\t\t\t<\/div>\n\t\t\t\t<\/div>\n\t\t\t\t\t<\/div>\n\t\t<\/div>\n\t\t\t\t\t<\/div>\n\t\t<\/section>\n\t\t\t\t<\/div>\n\t\t","protected":false},"excerpt":{"rendered":"<p>Katedra zarz\u0105dzania procesowego&nbsp; \/*! elementor &#8211; v3.17.0 &#8211; 08-11-2023 *\/ .elementor-widget-divider{&#8211;divider-border-style:none;&#8211;divider-border-width:1px;&#8211;divider-color:#0c0d0e;&#8211;divider-icon-size:20px;&#8211;divider-element-spacing:10px;&#8211;divider-pattern-height:24px;&#8211;divider-pattern-size:20px;&#8211;divider-pattern-url:none;&#8211;divider-pattern-repeat:repeat-x}.elementor-widget-divider .elementor-divider{display:flex}.elementor-widget-divider .elementor-divider__text{font-size:15px;line-height:1;max-width:95%}.elementor-widget-divider .elementor-divider__element{margin:0 var(&#8211;divider-element-spacing);flex-shrink:0}.elementor-widget-divider .elementor-icon{font-size:var(&#8211;divider-icon-size)}.elementor-widget-divider .elementor-divider-separator{display:flex;margin:0;direction:ltr}.elementor-widget-divider&#8211;view-line_icon .elementor-divider-separator,.elementor-widget-divider&#8211;view-line_text .elementor-divider-separator{align-items:center}.elementor-widget-divider&#8211;view-line_icon .elementor-divider-separator:after,.elementor-widget-divider&#8211;view-line_icon .elementor-divider-separator:before,.elementor-widget-divider&#8211;view-line_text .elementor-divider-separator:after,.elementor-widget-divider&#8211;view-line_text .elementor-divider-separator:before{display:block;content:&#8221;&#8221;;border-bottom:0;flex-grow:1;border-top:var(&#8211;divider-border-width) var(&#8211;divider-border-style) var(&#8211;divider-color)}.elementor-widget-divider&#8211;element-align-left .elementor-divider .elementor-divider-separator&gt;.elementor-divider__svg:first-of-type{flex-grow:0;flex-shrink:100}.elementor-widget-divider&#8211;element-align-left .elementor-divider-separator:before{content:none}.elementor-widget-divider&#8211;element-align-left .elementor-divider__element{margin-left:0}.elementor-widget-divider&#8211;element-align-right .elementor-divider .elementor-divider-separator&gt;.elementor-divider__svg:last-of-type{flex-grow:0;flex-shrink:100}.elementor-widget-divider&#8211;element-align-right .elementor-divider-separator:after{content:none}.elementor-widget-divider&#8211;element-align-right .elementor-divider__element{margin-right:0}.elementor-widget-divider:not(.elementor-widget-divider&#8211;view-line_text):not(.elementor-widget-divider&#8211;view-line_icon) .elementor-divider-separator{border-top:var(&#8211;divider-border-width) var(&#8211;divider-border-style) var(&#8211;divider-color)}.elementor-widget-divider&#8211;separator-type-pattern{&#8211;divider-border-style:none}.elementor-widget-divider&#8211;separator-type-pattern.elementor-widget-divider&#8211;view-line .elementor-divider-separator,.elementor-widget-divider&#8211;separator-type-pattern:not(.elementor-widget-divider&#8211;view-line) .elementor-divider-separator:after,.elementor-widget-divider&#8211;separator-type-pattern:not(.elementor-widget-divider&#8211;view-line) .elementor-divider-separator:before,.elementor-widget-divider&#8211;separator-type-pattern:not([class*=elementor-widget-divider&#8211;view]) .elementor-divider-separator{width:100%;min-height:var(&#8211;divider-pattern-height);-webkit-mask-size:var(&#8211;divider-pattern-size) 100%;mask-size:var(&#8211;divider-pattern-size) 100%;-webkit-mask-repeat:var(&#8211;divider-pattern-repeat);mask-repeat:var(&#8211;divider-pattern-repeat);background-color:var(&#8211;divider-color);-webkit-mask-image:var(&#8211;divider-pattern-url);mask-image:var(&#8211;divider-pattern-url)}.elementor-widget-divider&#8211;no-spacing{&#8211;divider-pattern-size:auto}.elementor-widget-divider&#8211;bg-round{&#8211;divider-pattern-repeat:round}.rtl .elementor-widget-divider .elementor-divider__text{direction:rtl}.e-con-inner&gt;.elementor-widget-divider,.e-con&gt;.elementor-widget-divider{width:var(&#8211;container-widget-width,100%);&#8211;flex-grow:var(&#8211;container-widget-flex-grow)} Kierownik Katedry: dr hab. Marek Jab\u0142o\u0144ski, prof. UEK Katedra Zarz\u0105dzania Procesowego powsta\u0142a w 2016 roku. Kluczowe obszary dzia\u0142alno\u015bci naukowo-dydaktycznej pracownik\u00f3w Katedry obejmuj\u0105 mi in.: zarzadzanie procesowe, koncepcje i metody zarz\u0105dzania, zarz\u0105dzanie jako\u015bci\u0105, projako\u015bciowe zarz\u0105dzanie produkcj\u0105, zarz\u0105dzanie relacjami, zarz\u0105dzanie projektami, innowacje publiczne, targi i marketing relacji. Pracownicy badawczo-dydaktyczni Katedry s\u0105 autorami licznych publikacji naukowych, w tym: monografii naukowych, podr\u0119cznik\u00f3w, skrypt\u00f3w, artyku\u0142\u00f3w, raport\u00f3w. Pracownicy Katedry uczestnicz\u0105 w krajowych i mi\u0119dzynarodowych konferencjach naukowych, wchodz\u0105c w sk\u0142ad: kolegi\u00f3w rad naukowych i programowych, s\u0105 prelegentami i moderatorami sesji naukowych, paneli eksperckich, warsztat\u00f3w praktycznych. Pracownicy s\u0105 cz\u0142onkami rad programowych wielu czasopism naukowych z zakresu nauk o zarz\u0105dzaniu i jako\u015bci w kraju i za granic\u0105. Pracownicy Katedry aktywnie wsp\u00f3\u0142pracuj\u0105 z praktyk\u0105 gospodarcz\u0105, wchodz\u0105c w sk\u0142ad zespo\u0142\u00f3w eksperckich \u015bwiadcz\u0105cych us\u0142ugi doradcze i szkoleniowe. Rezultaty dzia\u0142alno\u015bci naukowo-badawczej prowadzonej przez pracownik\u00f3w Katedry wdra\u017cane s\u0105 w praktyce gospodarczej (zar\u00f3wno w organizacjach biznesowych, jak i instytucjach publicznych), w szczeg\u00f3lno\u015bci w zakresie: projektowania system\u00f3w wynagrodze\u0144 i premiowania, etatyzacji, system\u00f3w ocen pracowniczych, identyfikacji, modelowania i usprawnie\u0144 proces\u00f3w biznesowych. \u00a0 \/*! elementor &#8211; v3.17.0 &#8211; 08-11-2023 *\/ .elementor-widget-image{text-align:center}.elementor-widget-image a{display:inline-block}.elementor-widget-image a img[src$=&#8221;.svg&#8221;]{width:48px}.elementor-widget-image img{vertical-align:middle;display:inline-block}<\/p>\n","protected":false},"author":1,"featured_media":0,"parent":0,"menu_order":0,"comment_status":"closed","ping_status":"closed","template":"elementor_header_footer","meta":{"footnotes":""},"class_list":["post-88","page","type-page","status-publish","hentry"],"_links":{"self":[{"href":"https:\/\/injzp.uek.krakow.pl\/kzp\/wp-json\/wp\/v2\/pages\/88","targetHints":{"allow":["GET"]}}],"collection":[{"href":"https:\/\/injzp.uek.krakow.pl\/kzp\/wp-json\/wp\/v2\/pages"}],"about":[{"href":"https:\/\/injzp.uek.krakow.pl\/kzp\/wp-json\/wp\/v2\/types\/page"}],"author":[{"embeddable":true,"href":"https:\/\/injzp.uek.krakow.pl\/kzp\/wp-json\/wp\/v2\/users\/1"}],"replies":[{"embeddable":true,"href":"https:\/\/injzp.uek.krakow.pl\/kzp\/wp-json\/wp\/v2\/comments?post=88"}],"version-history":[{"count":46,"href":"https:\/\/injzp.uek.krakow.pl\/kzp\/wp-json\/wp\/v2\/pages\/88\/revisions"}],"predecessor-version":[{"id":2140,"href":"https:\/\/injzp.uek.krakow.pl\/kzp\/wp-json\/wp\/v2\/pages\/88\/revisions\/2140"}],"wp:attachment":[{"href":"https:\/\/injzp.uek.krakow.pl\/kzp\/wp-json\/wp\/v2\/media?parent=88"}],"curies":[{"name":"wp","href":"https:\/\/api.w.org\/{rel}","templated":true}]}}

<div data-elementor-type="wp-page" data-elementor-id="88" class="elementor elementor-88" data-elementor-post-type="page">
						<section data-particle_enable="false" data-particle-mobile-disabled="false" class="elementor-section elementor-top-section elementor-element elementor-element-4ca67fb elementor-section-boxed elementor-section-height-default elementor-section-height-default" data-id="4ca67fb" data-element_type="section" data-settings="{&quot;jet_parallax_layout_list&quot;:[]}">
						<div class="elementor-container elementor-column-gap-default">
					<div class="elementor-column elementor-col-100 elementor-top-column elementor-element elementor-element-22e0d310" data-id="22e0d310" data-element_type="column">
			<div class="elementor-widget-wrap elementor-element-populated">
						<div class="elementor-element elementor-element-7c047738 elementor-widget elementor-widget-jet-headline" data-id="7c047738" data-element_type="widget" data-widget_type="jet-headline.default">
				<div class="elementor-widget-container">
					<h2 class="jet-headline jet-headline--direction-horizontal"><span class="jet-headline__part jet-headline__first"><span class="jet-headline__label">Katedra zarządzania procesowego</span></span><span class="jet-headline__space">&nbsp;</span></h2>				</div>
				</div>
				<div class="elementor-element elementor-element-27706e0c elementor-widget-divider--view-line elementor-invisible elementor-widget elementor-widget-divider" data-id="27706e0c" data-element_type="widget" data-settings="{&quot;_animation&quot;:&quot;fadeInLeft&quot;}" data-widget_type="divider.default">
				<div class="elementor-widget-container">
							<div class="elementor-divider">
			<span class="elementor-divider-separator">
						</span>
		</div>
						</div>
				</div>
				<div class="elementor-element elementor-element-64fa2182 elementor-widget elementor-widget-text-editor" data-id="64fa2182" data-element_type="widget" data-widget_type="text-editor.default">
				<div class="elementor-widget-container">
									<blockquote><p><strong>Kierownik Katedry: dr hab. Marek Jabłoński, prof. UEK</strong></p></blockquote><p>Katedra Zarządzania Procesowego powstała w 2016 roku.</p><p>Kluczowe obszary działalności naukowo-dydaktycznej pracowników Katedry obejmują mi in.:</p><ul><li>zarzadzanie procesowe,</li><li>koncepcje i metody zarządzania,</li><li>zarządzanie jakością,</li><li>projakościowe zarządzanie produkcją,</li><li>zarządzanie relacjami,</li><li>zarządzanie projektami,</li><li>innowacje publiczne,</li><li>targi i marketing relacji.</li></ul><p>Pracownicy badawczo-dydaktyczni Katedry są autorami licznych publikacji naukowych, w tym: monografii naukowych, podręczników, skryptów, artykułów, raportów<em>.</em></p><p>Pracownicy Katedry uczestniczą w krajowych i międzynarodowych konferencjach naukowych, wchodząc w skład: kolegiów rad naukowych i programowych, są prelegentami i moderatorami sesji naukowych, paneli eksperckich, warsztatów praktycznych.</p><p>Pracownicy są członkami rad programowych wielu czasopism naukowych z zakresu nauk o zarządzaniu i jakości w kraju i za granicą.</p><p>Pracownicy Katedry aktywnie współpracują z praktyką gospodarczą, wchodząc w skład zespołów eksperckich świadczących usługi doradcze i szkoleniowe. Rezultaty działalności naukowo-badawczej prowadzonej przez pracowników Katedry wdrażane są w praktyce gospodarczej (zarówno w organizacjach biznesowych, jak i instytucjach publicznych), w szczególności w zakresie:</p><ul><li><p>projektowania systemów wynagrodzeń i premiowania,</p></li><li><p>etatyzacji,</p></li><li><p>systemów ocen pracowniczych,</p></li><li><p>identyfikacji, modelowania i usprawnień procesów biznesowych.</p></li><li style="list-style-type: none"> </li></ul>								</div>
				</div>
				<div class="elementor-element elementor-element-7c7342c elementor-widget elementor-widget-image" data-id="7c7342c" data-element_type="widget" data-widget_type="image.default">
				<div class="elementor-widget-container">
															<img decoding="async" src="https://ie.uek.krakow.pl/ke/wp-content/uploads/sites/3/2023/02/placeholder-1.png" title="" alt="" loading="lazy" />															</div>
				</div>
					</div>
		</div>
					</div>
		</section>
				</div>

<p>Katedra zarządzania procesowego&nbsp; /*! elementor &#8211; v3.17.0 &#8211; 08-11-2023 */ .elementor-widget-divider{&#8211;divider-border-style:none;&#8211;divider-border-width:1px;&#8211;divider-color:#0c0d0e;&#8211;divider-icon-size:20px;&#8211;divider-element-spacing:10px;&#8211;divider-pattern-height:24px;&#8211;divider-pattern-size:20px;&#8211;divider-pattern-url:none;&#8211;divider-pattern-repeat:repeat-x}.elementor-widget-divider .elementor-divider{display:flex}.elementor-widget-divider .elementor-divider__text{font-size:15px;line-height:1;max-width:95%}.elementor-widget-divider .elementor-divider__element{margin:0 var(&#8211;divider-element-spacing);flex-shrink:0}.elementor-widget-divider .elementor-icon{font-size:var(&#8211;divider-icon-size)}.elementor-widget-divider .elementor-divider-separator{display:flex;margin:0;direction:ltr}.elementor-widget-divider&#8211;view-line_icon .elementor-divider-separator,.elementor-widget-divider&#8211;view-line_text .elementor-divider-separator{align-items:center}.elementor-widget-divider&#8211;view-line_icon .elementor-divider-separator:after,.elementor-widget-divider&#8211;view-line_icon .elementor-divider-separator:before,.elementor-widget-divider&#8211;view-line_text .elementor-divider-separator:after,.elementor-widget-divider&#8211;view-line_text .elementor-divider-separator:before{display:block;content:&#8221;&#8221;;border-bottom:0;flex-grow:1;border-top:var(&#8211;divider-border-width) var(&#8211;divider-border-style) var(&#8211;divider-color)}.elementor-widget-divider&#8211;element-align-left .elementor-divider .elementor-divider-separator&gt;.elementor-divider__svg:first-of-type{flex-grow:0;flex-shrink:100}.elementor-widget-divider&#8211;element-align-left .elementor-divider-separator:before{content:none}.elementor-widget-divider&#8211;element-align-left .elementor-divider__element{margin-left:0}.elementor-widget-divider&#8211;element-align-right .elementor-divider .elementor-divider-separator&gt;.elementor-divider__svg:last-of-type{flex-grow:0;flex-shrink:100}.elementor-widget-divider&#8211;element-align-right .elementor-divider-separator:after{content:none}.elementor-widget-divider&#8211;element-align-right .elementor-divider__element{margin-right:0}.elementor-widget-divider:not(.elementor-widget-divider&#8211;view-line_text):not(.elementor-widget-divider&#8211;view-line_icon) .elementor-divider-separator{border-top:var(&#8211;divider-border-width) var(&#8211;divider-border-style) var(&#8211;divider-color)}.elementor-widget-divider&#8211;separator-type-pattern{&#8211;divider-border-style:none}.elementor-widget-divider&#8211;separator-type-pattern.elementor-widget-divider&#8211;view-line .elementor-divider-separator,.elementor-widget-divider&#8211;separator-type-pattern:not(.elementor-widget-divider&#8211;view-line) .elementor-divider-separator:after,.elementor-widget-divider&#8211;separator-type-pattern:not(.elementor-widget-divider&#8211;view-line) .elementor-divider-separator:before,.elementor-widget-divider&#8211;separator-type-pattern:not([class*=elementor-widget-divider&#8211;view]) .elementor-divider-separator{width:100%;min-height:var(&#8211;divider-pattern-height);-webkit-mask-size:var(&#8211;divider-pattern-size) 100%;mask-size:var(&#8211;divider-pattern-size) 100%;-webkit-mask-repeat:var(&#8211;divider-pattern-repeat);mask-repeat:var(&#8211;divider-pattern-repeat);background-color:var(&#8211;divider-color);-webkit-mask-image:var(&#8211;divider-pattern-url);mask-image:var(&#8211;divider-pattern-url)}.elementor-widget-divider&#8211;no-spacing{&#8211;divider-pattern-size:auto}.elementor-widget-divider&#8211;bg-round{&#8211;divider-pattern-repeat:round}.rtl .elementor-widget-divider .elementor-divider__text{direction:rtl}.e-con-inner&gt;.elementor-widget-divider,.e-con&gt;.elementor-widget-divider{width:var(&#8211;container-widget-width,100%);&#8211;flex-grow:var(&#8211;container-widget-flex-grow)} Kierownik Katedry: dr hab. Marek Jabłoński, prof. UEK Katedra Zarządzania Procesowego powstała w 2016 roku. Kluczowe obszary działalności naukowo-dydaktycznej pracowników Katedry obejmują mi in.: zarzadzanie procesowe, koncepcje i metody zarządzania, zarządzanie jakością, projakościowe zarządzanie produkcją, zarządzanie relacjami, zarządzanie projektami, innowacje publiczne, targi i marketing relacji. Pracownicy badawczo-dydaktyczni Katedry są autorami licznych publikacji naukowych, w tym: monografii naukowych, podręczników, skryptów, artykułów, raportów. Pracownicy Katedry uczestniczą w krajowych i międzynarodowych konferencjach naukowych, wchodząc w skład: kolegiów rad naukowych i programowych, są prelegentami i moderatorami sesji naukowych, paneli eksperckich, warsztatów praktycznych. Pracownicy są członkami rad programowych wielu czasopism naukowych z zakresu nauk o zarządzaniu i jakości w kraju i za granicą. Pracownicy Katedry aktywnie współpracują z praktyką gospodarczą, wchodząc w skład zespołów eksperckich świadczących usługi doradcze i szkoleniowe. Rezultaty działalności naukowo-badawczej prowadzonej przez pracowników Katedry wdrażane są w praktyce gospodarczej (zarówno w organizacjach biznesowych, jak i instytucjach publicznych), w szczególności w zakresie: projektowania systemów wynagrodzeń i premiowania, etatyzacji, systemów ocen pracowniczych, identyfikacji, modelowania i usprawnień procesów biznesowych.   /*! elementor &#8211; v3.17.0 &#8211; 08-11-2023 */ .elementor-widget-image{text-align:center}.elementor-widget-image a{display:inline-block}.elementor-widget-image a img[src$=&#8221;.svg&#8221;]{width:48px}.elementor-widget-image img{vertical-align:middle;display:inline-block}</p>
